uate 1 + -3 + 23 + 507 + -528 - 20.
-20
-7 + (15 - (-8 - -22)) + -6 + 7
-5
Calculate 67 + (10 - 11) + 1 + 3 + 0 + -9.
61
Evaluate 10 - 4 - 22 - -6 - -5.
-5
((77 - 48) + -19 - -11) + -69
-48
7 - (-627 - -697 - (-2 + 29))
-36
Evaluate 10 - (-1 - ((-10 - (-35 + 14)) + -68)).
-46
-22 + -7 + 15 + -19 + 10
-23
What is the value of -27 + -4 + (-60 - -49 - (2 - 0))?
-44
(-4 - 96) + (-112 + 105 - -24)
-83
-2 - (-28 - (-20 + -4 + 6))
8
Evaluate -100 - (117 + -52 - 80).
-85
Evaluate 21 + -17 - 16 - (37 + -19).
-30
Evaluate 135 - 156 - (-6 + 54).
-69
What is 6 + 4 + -3 + -1 - (555 + -497)?
-52
Calculate -6 - (156 + -149 + -13 + 1 - (2 + 54)).
55
-61 + (-7 + -1 - ((-33 - -46) + -6 - 19))
-57
What is the value of -60 + 81 + (28 - 72)?
-23
What is the value of -4 + 2 + 3 + 321 + -350?
-28
What is 46 - (160 - (111 + -4))?
-7
What is 63 + (7 - 0) + 4 + (-20 - 4)?
50
What is -20 - (24 - -36) - -93?
13
43 + (-38 - (61 + -18)) - (-7 - 0)
-31
What is -61 - (0 - (-3 + 74))?
10
0 - -38 - (17 - (-18 + 58 - 19 - -5))
47
Calculate 9 + (-7 + 8 + -9 - -8) + -16 + 57.
50
-87 + 1 + -557 + 608
-35
Calculate 2 + 10 - (-123 + 233 + -174).
76
-9 + -1 + -15 + 20 + -5 + 18
8
Evaluate -62 + 107 + -43 + 45.
47
What is (24 - (-27 + -9)) + -24?
36
Evaluate 8 + 0 - (1044 + -947 + (1 - (11 + 0))).
-79
What is the value of 57 + -14 + (-72 - -56)?
27
0 + -105 + (-17123 - -17139)
-89
53 + (-103 - (-59 - -51))
-42
What is the value of (-10 + 11 - (-60 - (-2 - 11))) + 3 + -15?
36
Evaluate 0 + (10 - ((-20 + 68 - 21) + (-1 - -7))).
-23
What is the value of (0 + -6 - (4 + -18)) + -18 + -14?
-24
Evaluate (1 - -1) + (364 - 338).
28
What is (29 - -48) + -56 + 52?
73
Calculate -43 - (10 + -1 + -1 + 2 + -20).
-33
Evaluate 102 + -47 + (-19 - -23 - 11).
48
Calculate (-165 - -61 - -93) + (15 - 4).
0
What is -20 + (6 - -21) + -23 + -53?
-69
Calculate (18 - 67) + 19 - -10.
-20
What is -205 + (150 - 52) - -107?
0
What is 23 + 2 - ((-6 - -4) + 3 - 3)?
27
Calculate -1 + (1 - 2) + -32 + -210040 + 210026.
-48
Calculate (-7 - -8) + -14 - 3 - -13.
-3
6 - 5 - 3 - ((-24 - (-6 - 5)) + 51)
-40
Evaluate (-14 + 28 - (-1 - (2 + -7))) + -252 + 265.
23
Evaluate 44 + -109 + 11 + (-1 - -1) + 10.
-44
Calculate -16 - -27 - ((42 - 42) + (1 - -36)).
-26
What is 324 + -280 + (22 - 0) + -22?
44
-8 + -7 + (0 + 47 - (-16 - (-25 + 6)))
29
Evaluate -12 - (-3 + (-7 - -4)) - (-310 - -283).
21
Calculate -44 - (-80 - (145 + -248)).
-67
What is the value of (66 - 47) + 7 + (4 - 9)?
21
What is the value of -84 - (-16 - (-14 + -19 + 22)) - 19?
-98
What is the value of -8 - (-132 - -153 - (-1 - -56))?
26
Evaluate 32 + (-21 - -2) - (1 - -4) - (28 - 60).
40
Calculate (-29 - (52 - 3)) + 68.
-10
Calculate (9 - 28) + 2 + 12 + 5.
0
1 + (-9 - (8 + 5))
-21
14 + (-6 - -14) + -75 + 8 - (1 + -7)
-39
Evaluate (-94 - 120) + 213 + (-1 - 52).
-54
(-38 - -75 - 4) + -8
25
Evaluate -30 + 9 - (-17 - -55).
-59
What is the value of -17 + -1 - (2 + -47 - -47)?
-20
What is the value of 21 + 18 + -53 + (0 - (2 + 92)) - 8?
-116
Calculate (14 - (-21 + 9 + 7)) + 6 + 7.
32
What is the value of 27 + (-2 - 2) - (-220 + 301)?
-58
What is (4 - (-9 - -5)) + 32 + 20 + -18 + 9?
51
Evaluate -1 + 9 + -6 - (9 + -11 + -6 + 46).
-36
Calculate 6 + 65 + (-117 - -60).
14
Evaluate 9 - ((17 - 2) + 109 + -138).
23
What is the value of 67 - 7 - (30 + -2 + -7)?
39
-9 - (26 + -3) - (17 - 4)
-45
What is (-6 - (0 + 7)) + (78 - (-26 + 25 + 2))?
64
Calculate -90 - (3 + 7 + -16 + 0) - (-51 + 43).
-76
What is -1 - (-25 - ((-40 - -17 - -7) + 0))?
8
Evaluate (-2 - -3 - -27) + -382 + 366 + -67.
-55
What is (-1 - (13 - 17)) + -20 + 40?
23
What is the value of (12 - -10) + -29 + 11 + 56?
60
What is the value of 23 - (14 + 2 + (18 - 11))?
0
Calculate -6 + -11 + -2 + 0 - 5.
-24
Calculate -66 + (45 - -18) + 52.
49
Calculate 5 + (6 - 5) + (-5 + -2 - -1) - 11.
-11
(-15 - -31 - 15 - (12 + -16 + 10)) + -13
-18
-35 + (117 - 102) + 55
35
Evaluate -172 - (-173 - (72 + -120)).
-47
What is -114 - (-167 + -19 - -99)?
-27
Calculate 228 - 137 - 148 - (0 + -22).
-35
What is the value of -58 + 26 + 26 + -9 + 3 + -1?
-13
What is 53 - (101 - 56 - 9)?
17
Evaluate 89 - (2 + -3 + -7 - (483 + -504)).
76
-35 + (64 - -29) - (1 - -15)
42
What is 1 - ((37 - 5) + (17 - (10 - 1) - 13))?
-26
What is the value of 51 + -42 + 53 - 43?
19
Evaluate 16 + 16 + 12 + -30.
14
2 + -8 - (10 - (-6 - -58) - (2 + 0))
38
What is -8 - ((14 - 10) + 64) - -11?
-65
What is -1 + 16 + -31 - 7?
-23
What is -17 - ((-11 - (-3 - (-2 - (-9 - -1)))) + -7)?
-8
Evaluate 29 + -1 + (-618 - -563) - 50.
-77
What is -15 + 80 + -2 + (-8 - -12 - 10)?
57
Calculate 34 + 2 + 0 - (144 - 143) - 7.
28
Calculate 81 + -18 + 4 + 9 + -22.
54
(49 - -1) + (-23 - -50 - 9 - (20 + -1))
49
What is (54 - ((22 - 32) + 13)) + -16?
35
What is the value of -46 - (-5 - 1 - (95 + -89))?
-34
Calculate -18 + 34 + -47 + -6 + (5 - -1).
-31
What is the value of (-51 - (-30 - -4)) + -2 + -30?
-57
Evaluate (69 - 77 - 81) + 188.
99
Evaluate -85 + 7 + 18 + 10 + 0 + -25.
-75
Calculate -5 + (3 - (16 - 17)) + (-3 - -1).
-3
What is the value of (-9 - (-13 - 53)) + (-50 - -3)?
10
Evaluate (93 - 68) + -14 + -26 + -9 + 1.
-23
What is the value of -13 + -1 + 1 - (-364 + 329)?
22
Calculate 5 - ((4 - 3) + -1) - (-42 - (-10 + 12)).
49
Calculate 46 + -16 - 1 - 17.
12
What is -3167 + 3253 + 2 + -48?
40
Calculate (-9 - -27) + -589 + 599.
28
What is 57 - (2 - -15 - (71 - 78 - (-19 - -1)))?
51
(32 - (-47 - -40)) + -70
-31
Evaluate 36 + -14 + -3 - (25 + 3) - -76.
67
What is -1287 + 1524 - (148 + 4)?
85
Calculate (-25 + 15 + -8 - -10) + (40 - 5).
27
Evaluate (25 - ((6 - -11) + -26 - 100)) + -20.
114
What is the value of 52 - (-93 + 59 + 4)?
82
Calculate (82 - 16) + -59 + -6.
1
What is the value of (10 - 21) + -30 + 31?
-10
Calculate (1 - (0 + -7)) + 3652 + -3585.
75
Evaluate 4 - (34 + -17 + -26 + 11 - -61).
-59
Calculate -2 + 51 - ((-3 - (12 - 17)) + (-7 - -10)).
44
What is -10 + 24 + -7 + (3 - -15)?
25
What is 53 - (-93 + 187 - -21)?
-62
(3 - (-16 - -22 - 5)) + -4 + (-1 - -90)
87
Calculate 4 + (-14 + (24 - (-5 + 21)) - (5 - 137)).
130
14 - (34 + 10) - (15 - 14)
-31
(-1 + -10 - 14) + (14 - 23)
-34
Evaluate -40 - ((32 - 14) + -15 - 20).
-23
What is the value of (1 - -4 - (-2 + 1)) + 9 + -18 - -46?
43
What is 23 - (3 + (-35 - -13) - -1)?
41
Calculate -41 - (-18 - (38 - 8)).
7
Calculate -408 + 502 - (22 + 0).
72
Calculate 1 - 3 - (202 - 219) - (3 - 1).
13
Calculate 13 + (1 + -2 - (-88 - -81)) - -7.
26
Evaluate 34 + -23 + -3 + (0 - -43) - 1.
50
Calculate 1 - 9 - (-1 - (-6 + 24 - (-21 + 30))).
2
Evaluate -9 + 15 + -4 - (-14 + 6).
10
(-2 - (2 + -4) - 11) + (91 - 83)
-3
What is -28 + 35 + (-18 - -26) - (2 - 53)?
66
What is 0 - 40 - (1685 + -1695)?
-30
What is -15 + -1 + (30 - (-24 - -43) - 11)?
-16
Calculate -18 + 16 + -7 + 38.
29
Calculate -29 + (44 - (18 - -15)).
-18
What is the value of -27 - (9 + 48) - -151?
67
What is (-3 + (3 - 2) - (149 + -155)) + 57 + 14?
75
What is 1 + (5 - -3) + -24 + 176 + -80?
81
Calculate 108 + 135 + -283 - (0 - -29).
-69
Evaluate -31 + (5 + 11 - ((25 - (7 + 3)) + -8)).
-22
-26 + (93 - 32) + -18
17
Calculate 1 + (6 - (-5 + 3) - (-63 - -69)) + -43.
-40
What is -69 - (-34 - -28 - ((-9 - (-10 + 3)) + 3))?
-62
What is the value of 1 - 2 - ((11 - (20 - 19)) + 15)?
-26
Calculate 59 - ((0 - -52) + 25).
-18
What is the value of 120 + -37 + 14 + (-17 - -22) + 7?
109
Evaluate 26 - ((17 - -16) + -17) - -34.
44
What is (38 - -2 - (-619 + 659)) + (-66 - (0 - 0))?
-66
What is the value of -142 + 78 - (-49 - 3)?
-12
Calculate (-24 - (-8 + (-26 - -10 - 5))) + -15.
-10
-134 + 89 - 18 - -202
139
Evaluate (-16 + -26 + 7 - -28) + 13.
6
Calculate (1 - -8) + (-4 + 7 - 6) + -1 + 46.
51
Evaluate -121 + 118 - (-70 + 35).
32
77 + (-1 - -23 - (27 - 17)) + (-5 - 4)
80
Calculate (-32 - (-6 - (-3 + -12))) + -5 - 15.
-61
Evaluate 1 + 11 + -5 + -103 + -5 - (147 - 162).
-86
What is -55 + (24 - (-23 - 11))?
3
Calculate 96 + 38 - (-2 - (-2 - 9)) - 15.
110
(-86 + 88 - (4 - -3)) + 149 + 9
153
147 + -69 - (46 - -5)
27
Evaluate 109 + -74 + -23 + 8.
20
-477 + 125 + 157 + 120
-75
What is (56 - 24) + 7 + -28?
11
What is the value of 582 + -633 - (-115 - -13)?
51
18 + (2 - 0 - 2) + (-522 - -528)
24
Evaluate -3 - -11 - 34 - (8 + -13 + 14).
-35
What is the value of 56 + (-40 - (34 - 63))?
45
67 - ((18 - 39 - -18) + 19 + (1 - 7)